
Let d(s) = s**2 - 3*s + 5. Let f be d(4). Suppose 0*l + f = l. List the prime factors of l.
3
Let r be (1/(-2)*-2)/1. Let u = r + 2. Suppose 0 = -u*o + 3 + 3. List the prime factors of o.
2
Let f(r) = r**3 - 4*r**2 - 9*r + 2. List the prime factors of f(6).
2, 5
Suppose 0 = -0*u - u + 20. Suppose s = r - 14, -r + u = 3*s - s. List the prime factors of r.
2
Let c(k) be the first derivative of 4*k**3/3 + k**2/2 - k - 1. Suppose 4*i + i + 10 = 0. List the prime factors of c(i).
13
Let t(j) = -3*j**3 - j**2 - 2. Let g be t(-2). Suppose b - g = 4*b. List the prime factors of (44/b)/(2/(-3)).
11
Suppose 4*z + 8 = -0. Let v be (z + 0)*2/(-4). Suppose 5*s = v + 14. List the prime factors of s.
3
Let u = -10 + 15. Let s = 21 - u. What are the prime factors of s?
2
What are the prime factors of -6*(-9)/(-45)*10/(-6)?
2
Suppose -5*p = -24 - 1. Let q = p - 1. What are the prime factors of q?
2
Let p(d) = d**2 + d + 1. Let v(l) = -l**3 + l + 4. Let z(x) = 4*p(x) - v(x). Let f be z(-3). Suppose f*y + 16 = 4*y. What are the prime factors of y?
2
Let k = 3 - -5. What are the prime factors of (-486)/(-14) + k/28?
5, 7
Suppose -2*o + 45 = 3*o. Let d = o - 5. Suppose -s = -d*s + 3*v + 3, -5*v = -4*s + 2. List the prime factors of s.
3
Let p = -37 - -70. Suppose 13*y = 14*y - p. What are the prime factors of y?
3, 11
Let o be 4*(-4)/(-32)*54. Suppose 3*w + o = 4*w. List the prime factors of w.
3
Let l = 3 + 0. Suppose l*t + t - 3*d = 104, -2*d - 8 = 0. What are the prime factors of t?
23
Let x(s) = s**3 - 13*s**2 + 12*s + 14. List the prime factors of x(12).
2, 7
Suppose 8*r = 14*r - 504. List the prime factors of r.
2, 3, 7
Let c(d) = d**3 + 8*d**2 + 4*d - 6. What are the prime factors of c(-4)?
2, 3, 7
Let b = 78 - 115. Let l = -6 - b. List the prime factors of l.
31
Let b(a) = 2*a - 29. Let t be b(16). Let i be (11/(-2) - 2)*-6. Suppose t*l - i = -2*l. What are the prime factors of l?
3
Suppose -200 = -5*i - 5*c, i - 5*c - 25 = -3*c. List the prime factors of i.
5, 7
Let n be 16/72 - 295/(-9). Let f = n + -13. Suppose -4*u + 50 = a + 10, a - f = -2*u. List the prime factors of u.
2, 5
Let j(k) = k + 4. Suppose -3*m = 4*o + 2*m + 20, 12 = -4*o - 3*m. Suppose d + o + 2 = 0. List the prime factors of j(d).
2
Let n = 13 - 9. Let c be n*(-2 + (-6)/(-4)). List the prime factors of -12*(1/c - 0).
2, 3
Let d(l) = l**3 + 7*l**2 - l - 14. List the prime factors of d(-6).
2, 7
Let x be (-1040)/(-35) + (-2)/(-7). Let q = x - 20. What are the prime factors of q?
2, 5
Suppose 3*s = -s - 64. List the prime factors of 244*2/s*-2.
61
Let p(x) = x + 7. Let g be p(-6). Let z = g + 14. What are the prime factors of z?
3, 5
Let m(l) be the first derivative of l**2/2 - 4*l - 1. Let f be (1/(-2))/(8/(-112)). List the prime factors of m(f).
3
Let f(d) = 10*d - 8. List the prime factors of f(5).
2, 3, 7
Let k(s) = s**3 - 11*s**2 - 18*s - 2. What are the prime factors of k(13)?
2, 3, 17
Suppose 0*h + 4 = 2*h. Suppose 2*b + 12 = -3*x, 3*x + 12 = h*b - 0*x. Suppose b = -2*r + 2, -3*v - 2*r + 5*r + 9 = 0. What are the prime factors of v?
2
Suppose 2*d - 3*d + 20 = 0. Suppose s - d + 0 = 0. What are the prime factors of s?
2, 5
Let v = 239 + -152. List the prime factors of v.
3, 29
Let u = -6 - -11. Suppose 125 = u*x - 0*x. What are the prime factors of x?
5
Let v = 19 - -15. List the prime factors of v.
2, 17
Let x = -6 - -6. Let o = x + 2. List the prime factors of o/8 + (-35)/(-4).
3
Suppose -3*g = 3*z - 138, -2*z - 4*g + g = -94. What are the prime factors of z?
2, 11
Suppose 0 = 4*j - 4. Suppose z - 6 = -j, 5*z = -5*m - 95. List the prime factors of (-7)/(-1)*m/(-14).
2, 3
Let b = -39 + 62. Let f(j) = 5*j**3 - 2*j + 1. Let x be f(1). Suppose b = 4*o + 5*q, 0*o - 3*q + x = o. What are the prime factors of o?
7
Let n(d) = -2*d**2 + 7. Let f(s) = s**3 - 2*s**2 + 6. Let p(v) = -6*f(v) + 5*n(v). Let g be (5/(-10))/(3/6). List the prime factors of p(g).
7
Suppose -15*q = -11*q. Suppose 152 = -q*a + 4*a. List the prime factors of a.
2, 19
Let o = 5 - 0. Suppose -o*x + 4*x = -2*b - 14, 5*x - 4*b - 88 = 0. What are the prime factors of x?
2, 5
Let v(z) = 2*z**2 + 2*z + 1. Let m be v(-2). Suppose m*t = b - 2*b - 15, -4*b - 4*t - 12 = 0. Suppose b*s - 5*s = -75. List the prime factors of s.
3, 5
Suppose 8*g = 11*g. Suppose -5*t + 141 - 11 = g. What are the prime factors of t?
2, 13
Let a(c) = -3*c - 3. Let z be a(-3). Suppose z + 0 = 3*i. Suppose 59 = 5*x + 4*s + 7, x = 2*s + i. What are the prime factors of x?
2
Let i be 203/14*(-4 + 2). Let p = 55 - 96. Let d = i - p. List the prime factors of d.
2, 3
Let q(l) = -1 + 7*l + 1 - 3 + 0. What are the prime factors of q(2)?
11
Suppose -3 = -3*m - 0*m, t + 3*m - 70 = 0. What are the prime factors of t?
67
Let h(p) = -p**2 - p + 9. Let m(o) = 3*o**2 + 3*o - 26. Let r(k) = 17*h(k) + 6*m(k). List the prime factors of r(3).
3
Suppose 0*y = y. Suppose 5 = 5*v, -129 = -2*i - y*v - v. Suppose 0 = -u + 2*h + 16, 4*h - i = -4*u - h. What are the prime factors of u?
2
Let b be 66/(-54) + (-2)/(-9). List the prime factors of 8/6*(-18)/b.
2, 3
Suppose 2*t = 8, 2*g - t + 6*t - 34 = 0. Suppose 5*s + 22 - g = 0, 2*s + 74 = 4*a. List the prime factors of a.
17
Suppose 0 = 3*m + 7 - 46. Suppose 0 = -3*s + 5 + m. What are the prime factors of s?
2, 3
Let k(m) = -m + 9. Let f(j) = j**2 + j + 1. Let w be f(-3). What are the prime factors of k(w)?
2
Suppose 3 - 2 = c. List the prime factors of -2 + c - -3 - 0.
2
Let s = -2 + 8. Let u(z) = -5*z**2 + 12*z - 1. Let r(q) = -q**2 + q + 1. Let a(t) = -4*r(t) + u(t). List the prime factors of a(s).
7
Let o = 1 + -3. List the prime factors of 39/18*o*-3.
13
Let n(x) = x**3 + 5*x**2 + 2*x + 4. Let r be (-80)/25 + (-1)/(-5). List the prime factors of n(r).
2
Let i(n) = -n + 5. What are the prime factors of i(-10)?
3, 5
Let k = -53 - -35. Let w = -13 - k. Suppose -5*m + w*z = -15, 0*z - 4*z = -20. List the prime factors of m.
2
Let f = 6 - -2. What are the prime factors of f?
2
Let z = 74 - 32. What are the prime factors of z?
2, 3, 7
Suppose 2*y = -2*n + 1 - 3, 20 = -4*y. Suppose 0 = -2*i - 4*b + 47 + 73, -224 = -4*i - n*b. Suppose c = 5*c - i. What are the prime factors of c?
13
Suppose 5*s = i - 19, 19 = 2*i - 3*s + 2. List the prime factors of i.
2
What are the prime factors of ((-7)/(-14))/(2/88)?
2, 11
Suppose 3*k - 385 = 347. List the prime factors of k.
2, 61
Let x = -80 - -119. Let f = x - 21. What are the prime factors of f?
2, 3
Let c be ((-6)/4)/((-3)/8). Let a(r) = -4*r + 3*r**2 - 3 + r**2 - 3*r**2 + 8. What are the prime factors of a(c)?
5
Let m(g) = g**3 + 4*g**2 - 7*g - 2. Let s be m(-5). Suppose s - 1 = c. Let h(y) = y**2 - 6*y + 2. What are the prime factors of h(c)?
3
Let j = 7 + -5. Suppose 4*z = -j*s + 28 + 26, s - 2*z = 23. What are the prime factors of s?
5
Suppose k - 5*v = 2*k - 27, 4*k = 2*v + 152. Suppose 4*a - 3*l - k = 0, 2*l = 9 + 1. What are the prime factors of a?
13
Suppose 117 = -z + 4*z. Let i be z/(2 + -1) - -1. Suppose -4*f = f - i. What are the prime factors of f?
2
Suppose -4*r - r + 65 = 0. Let b = r + 2. What are the prime factors of b?
3, 5
Let y be (-58)/(-4) + 2/4. Let c be 10/y + 32/6. Suppose 2*f - 12 = -c. What are the prime factors of f?
3
Let h(l) = -3*l**3 - l**2 + 6*l + 2. List the prime factors of h(-3).
2, 7
Let l = 4 - -169. What are the prime factors of l?
173
Let j(h) = -h**3 + 4*h**2 - 2. Let i be j(3). What are the prime factors of 3 - i/((-28)/156)?
2, 3, 7
Let s = 20 + -28. Let g be s/(-12)*9/2. Suppose g*y - 2*y = -2, -o = -2*y - 6. List the prime factors of o.
2
Let q(h) = -h**2 - 26*h - 29. What are the prime factors of q(-15)?
2, 17
Let t(z) = z**3 + 15*z**2 - 17*z - 9. What are the prime factors of t(-16)?
7
Let h be (-2)/3 + (-2)/(-3). Suppose -a + 4*z + 17 = 0, -4*a + 92 = -h*a - 4*z. Let g = -14 + a. List the prime factors of g.
11
Let w = 7 + -12. Let u be 0/(w/(5/(-2))). Suppose u = 5*q - 2*m - 96, -2*q + 3*q - 12 = 4*m. List the prime factors of q.
2, 5
What are the prime factors of (-1*2)/(2/(-97))?
97
Let n(i) = -i**2 - i + 12. Let d = 4 - 3. Suppose -7 = 4*z + 2*u - d, 0 = 3*z + 4*u + 12. List the prime factors of n(z).
2, 3
Let b(d) = 9*d - 3. Suppose 4*m - 5*m + 7 = 0. List the prime factors of b(m).
2, 3, 5
Let v = -149 - -261. List the prime factor